at is -177531 (base 9) in base 8?
-327660
12323103312 (base 4) to base 14
353a3c
Convert -426435 (base 8) to base 4.
-202310131
What is -144244020 (base 5) in base 3?
-1110100221110
What is -1010022122100 (base 3) in base 2?
-10010001101100110110
Convert -73852 (base 10) to base 5.
-4330402
Convert -66126 (base 15) to base 4.
-1033022211
-13029971 (base 10) to base 15
-1225aeb
Convert -2697666 (base 10) to base 4.
-22102213002
-1111011100110111 (base 2) to base 11
-43604
Convert 713166 (base 8) to base 7.
1666333
Convert 73155611 (base 8) to base 16.
ecdb89
21363047 (base 8) to base 3
22121201211002
Convert 1032020130 (base 4) to base 5.
40220103
b290a7 (base 12) to base 8
12521477
Convert -101101110111100001100 (base 2) to base 13.
-408156
186658 (base 9) to base 11
7a544
Convert 211133414 (base 5) to base 3.
1122201210112
58405 (base 16) to base 11
227646
10110011001100000000 (base 2) to base 4
2303030000
30183 (base 12) to base 2
1111001111110011
What is -12104420 (base 5) in base 16?
-1b9d6
-1a21 (base 12) to base 13
-15b8
What is 12021446 (base 9) in base 8?
26265344
-20110012101 (base 3) to base 6
-2415531
-229ab (base 13) to base 4
-33123022
-1212020121 (base 3) to base 6
-441324
What is -2500783 (base 10) in base 6?
-125333411
What is 2936503 (base 10) in base 2?
1011001100111010110111
Convert 6b1875 (base 12) to base 6.
100541425
What is -313021113 (base 4) in base 5?
-24212004
Convert -38c21 (base 13) to base 9.
-170415
1201000100111 (base 3) to base 2
11011101000111001010
What is 34650 (base 8) in base 2?
11100110101000
Convert -2df969 (base 16) to base 11.
-1778763
What is -5d595 (base 16) in base 11?
-2412a8
What is -2011133230 (base 4) in base 6?
-15415244
What is -133230123 (base 4) in base 6?
-2441003
337032 (base 9) to base 7
1500545
-d0292 (base 14) to base 5
-111444203
1222220120220 (base 3) to base 9
1886526
What is -22122201201 (base 3) in base 2?
-101001100110010101
What is 4153332 (base 9) in base 6?
115330045
What is -103734757 (base 8) in base 3?
-1020111201210012
Convert 12446130 (base 7) to base 2.
100010101110010001001
1308a3 (base 12) to base 6
10405523
Convert 1266634 (base 8) to base 15.
70610
What is 41768 (base 12) in base 13?
3005c
Convert 43230012 (base 5) to base 9.
620111
What is 2b8547 (base 13) in base 4?
10012200211
555ba (base 14) to base 7
1521223
Convert 23033110102 (base 4) to base 11.
1732685
d4269 (base 14) to base 2
1111100101110010101
-73dea (base 15) to base 16
-59c1d
What is 1023300 (base 6) in base 11?
34629
Convert -11001201 (base 5) to base 7.
-540560
What is -10853450 (base 9) in base 5?
-2323300342
2473401 (base 10) to base 11
143a337
76b8ce (base 15) to base 11
3215346
Convert -82419 (base 12) to base 3.
-22122010010
What is -416817 (base 14) in base 3?
-11011011111002
22201121001 (base 3) to base 16
29ee4
What is -69876 (base 11) in base 2?
-11000101000001100
-7243d (base 14) to base 12
-113347
Convert 10143043 (base 5) to base 15.
19ded
36331423 (base 7) to base 6
153155251
-101123 (base 4) to base 12
-78b
1146615 (base 7) to base 4
203233320
Convert 13203 (base 10) to base 8.
31623
What is -80782 (base 13) in base 9?
-380167
What is -10101000100011001110010 (base 2) in base 7?
-64642132
What is 64370 (base 11) in base 15?
1cb0a
What is -1ecb1e (base 16) in base 13?
-55873a
What is 114201550 (base 7) in base 11?
4005233
What is -213150 (base 9) in base 13?
-45a41
What is 114343 (base 8) in base 9?
58617
Convert -5515215 (base 7) to base 15.
-d56a6
What is -60865 (base 15) in base 10?
-305645
b2a04 (base 15) to base 4
2022021313
What is -38cbc2 (base 16) in base 15?
-4d7d03
What is -32251661 (base 7) in base 2?
-1010011111111011100010
What is 16a333c (base 14) in base 15?
ea385e
77a6 (base 14) to base 13
9584
Convert 122320022 (base 5) to base 10.
588762
Convert -5655010 (base 7) to base 8.
-2534536
Convert -aed76 (base 15) to base 12.
-22a0a0
Convert 67707 (base 11) to base 6.
2033441
Convert 23c364 (base 14) to base 4.
10222330310
Convert -538168 (base 9) to base 13.
-b30ab
-1121310233 (base 4) to base 11
-231472
4a44c4 (base 13) to base 5
423433111
What is 181112 (base 11) in base 7?
2243201
What is -214365 (base 7) in base 3?
-1220112220
What is -11010222120010 (base 3) in base 9?
-4128503
Convert -212244334 (base 6) to base 13.
-a15a35
1010001001101110110 (base 2) to base 7
2553601
What is -568510 (base 12) in base 16?
-151adc
-265001 (base 11) to base 5
-101312404
What is 10101110110100 (base 2) in base 12?
6584
What is -220103130032 (base 4) in base 13?
-225c014
What is -30121201323 (base 4) in base 12?
-1108b63
Convert 1455420252 (base 6) to base 13.
3a95908
What is -10011110111011001111010 (base 2) in base 7?
-62156503
What is -34436041 (base 7) in base 15?
-3e922d
Convert -57834 (base 12) to base 9.
-187404
477634 (base 11) to base 10
756771
3538659 (base 11) to base 16
5e3a43
What is 887409 (base 10) in base 13?
250bc3
What is 3625a (base 12) in base 5?
4313214
What is 717962 (base 10) in base 14?
149910
Convert 15420341 (base 6) to base 10.
547045
What is 3321000310 (base 4) in base 14?
1c79c0
What is -32302133233 (base 4) in base 2?
-1110110010011111101111
Convert -114204 (base 13) to base 15.
-812a9
-1100001100001100001 (base 2) to base 8
-1414141
8031a1 (base 11) to base 14
25910d
-122100112212 (base 3) to base 2
-1010011011001000101
-6563312 (base 7) to base 12
-32a1a8
23232135 (base 6) to base 15
e33eb
-111011010100101101 (base 2) to base 9
-410277
What is 1ad35c (base 16) in base 8?
6551534
What is -11351533 (base 9) in base 5?
-2403304101
Convert 1011101011010110011 (base 2) to base 11.
241538
Convert -11111111001010001110 (base 2) to base 6.
-34222330
What is -234353533 (base 7) in base 16?
-ddc797
5435441 (base 7) to base 16
a2428
What is -7138152 (base 9) in base 5?
-1433223104
What is -2211320004 (base 5) in base 8?
-22217107
-7147466 (base 10) to base 9
-14403428
Convert b6a486 (base 13) to base 11.
2462425
What is 22146204 (base 8) in base 14?
8c2980
3331310330 (base 4) to base 10
1039676
-15e10 (base 16) to base 4
-111320100
Convert -5108471 (base 9) to base 7.
-32066146
What is -1694495 (base 10) in base 2?
-110011101101100011111
-3238556 (base 11) to base 13
-1243a7b
What is -443b0a (base 12) in base 16?
-108e7a
1bb6e5 (base 16) to base 3
10102021111010
Convert 3003341 (base 6) to base 16.
225cd
59142 (base 11) to base 5
10212401
What is -770071 (base 13) in base 12?
-b2b9ba
What is -564285 (base 9) in base 3?
-122011022212
What is -4360600 (base 8) in base 6?
-41041104
-406401 (base 11) to base 8
-2372603
102001112120 (base 4) to base 11
2737335
-26452a (base 16) to base 4
-21210110222
21112110121102 (base 3) to base 11
2295994
Convert -24100443 (base 5) to base 16.
-3632e
2aba23 (base 12) to base 4
2301013323
What is 2737a29 (base 12) in base 10?
7789569
-28a2b (base 16) to base 3
-22110022120
Convert -69a71a (base 11) to base 14.
-20d4a9
What is -1011100111100101 (base 2) in base 15?
-e179
Convert 2102306 (base 7) to base 3.
110211222022
56036665 (base 7) to base 12
1750bb7
What is 323739 (base 10) in base 16?
4f09b
102513 (base 9) to base 13
21966
2ad20 (base 16) to base 3
22220121000
232332203 (base 4) to base 3
100202221122
-12212b (base 16) to base 11
-741737
Convert -120030 (base 10) to base 2.
-11101010011011110
Convert 193664 (base 11) to base 7.
2346444
-32212313 (base 4) to base 6
-1140555
What is -10031320001 (base 4) in base 15?
-16c7de
What is 1210112002121 (base 3) in base 9?
1715077
What is -4375816 (base 9) in base 4?
-20332133322
Convert 75c8 (base 13) to base 9.
24428
Convert -221222020 (base 3) to base 11.
-13252
What is -44867 (base 13) in base 5?
-12440334
What is 17936 (base 11) in base 10?
25086
3a54a8 (base 12) to base 11
5a8737
What is 1011221211011 (base 3) in base 12?
264004
Convert 1002020112010102 (base 3) to base 6.
1313025145
Convert 59b32 (base 13) to base 2.
101000001001111110
What is 2696580 (base 10) in base 2?
1010010010010110000100
What is -5b6337 (base 12) in base 16?
-16a15b
Convert 2057a5 (base 12) to base 10.
507437
Convert -377759 (base 10) to base 12.
-16273b
-280124 (base 9) to base 11
-107272
What is -4425461 (base 7) in base 11?
-342173
Convert c4ea8c (base 15) to base 9.
18552766
Convert 2d453b (base 14) to